- v. What is the units digit of a?
6
Suppose 0 = 4*h - 57 - 91. What is the tens digit of h?
3
Let v(g) = -27*g + 2. Let k be v(-2). Suppose 6*f = 2*f + k. What is the tens digit of f?
1
Let b be (1 - 2)/(1 + -2). Suppose 3 + 2 = j, 2*o - j + b = 0. What is the units digit of o?
2
Suppose -l - 3*v = -2, 0 = l - 4*l - v + 6. What is the tens digit of l/(-11) - (-1602)/99?
1
Let u(s) = -s**2 + 23*s - 31. What is the units digit of u(14)?
5
Let g be (30/(-25))/(2/(-5)). Suppose g*j - 9 = 6. Suppose -y + 4 = u, 0 = -y + 3*y + j*u - 17. What is the units digit of y?
1
Suppose -4*v + 140 = 4*b, 3*v = b + 109 + 16. What is the tens digit of v?
4
Let i = -104 - -58. Let j = -28 - i. What is the units digit of j?
8
Suppose -16 = -5*r + 114. What is the tens digit of r?
2
Suppose 10 = 5*x - 0. Let i be (84 - (x - 0))*-2. What is the units digit of (-2)/10 - i/20?
8
What is the units digit of (6/(-10))/((-11)/3685)?
1
Suppose 0 = 4*r + 8, 4*z + 6 = 5*r - 0. What is the units digit of z/(-12) - (-78)/9?
9
Let t(s) = 2*s**2 + 5*s - 3*s**2 + 2*s - 7. What is the units digit of t(4)?
5
Let r(y) = -8*y - 1. Let d(z) = 12*z + 2. Let q(l) = -4*l + 4. Let s be q(3). Let n(p) = s*r(p) - 5*d(p). What is the tens digit of n(4)?
1
Let z(k) = -11*k + 0 - 3 + 0. Let d be z(-3). Suppose d = 5*y - 25. What is the units digit of y?
1
Let h(a) = a + 12. Let k be h(-10). Suppose -2*t + 0*t + 3*b + 4 = 0, 0 = -3*t + k*b + 6. What is the units digit of (39/6)/(t/4)?
3
Let z(d) = -50*d + 1. Let m be z(-1). Let w = m - 24. What is the units digit of w?
7
Let s be (3 - 8)/(-1 - 0). Suppose m = -3 + s. Suppose 0 = -w - 5*a - 12, m*a - 36 = -4*w + 3*a. What is the units digit of w?
8
Suppose -8 = -5*c + 17. Suppose -8*v + 3 = -c*v. What is the units digit of v?
1
Suppose g - 1 = 3. Suppose -b = g*b - 60. Let m = b - 8. What is the units digit of m?
4
Let n be -1 + 4 - (-3180)/(-10). What is the tens digit of (-6)/(-8) - n/12?
2
Let v = -6 - -22. What is the units digit of 440/v - (-6)/(-4)?
6
Suppose -8*k = -95 - 153. What is the tens digit of k?
3
What is the hundreds digit of (28/12 - 6)/(1/(-48))?
1
Suppose -70 = -5*x - 2*w, 2*w - 3*w - 21 = -x. What is the units digit of x?
6
Suppose -1 = -o - 0. Let m = 11 + o. What is the tens digit of m?
1
Suppose 0*f = -b - 5*f - 19, 3*b - 3*f + 3 = 0. Let s be (b/5)/(4/(-50)). Suppose 0*q + 2*q = s. What is the units digit of q?
5
Let k = 4 - 6. What is the units digit of (-82)/(-4) + k/4?
0
What is the tens digit of 4/(60/245)*3?
4
Let g be ((-871)/(-26))/((-2)/(-4)). Suppose -4*y + 5*x = -86, -3*y = -6*x + x - g. What is the tens digit of y?
1
What is the units digit of (-3)/6*(-740)/1?
0
Let c = -56 - -93. What is the units digit of c?
7
Let u(h) = -12*h**3 - 2*h**2 - 7*h - 1. Let n(m) = m**3 + m. Let s(w) = 5*n(w) + u(w). What is the units digit of s(-1)?
6
Let j(a) = 4 - 2 - a - 1. Let s be j(-1). Let f(c) = 4*c - 1. What is the units digit of f(s)?
7
Suppose 0 = -5*n + 3*y - 5*y - 169, -n - 41 = -2*y. Let u be 1/(-1)*(0 + n). Suppose 0*f - u = -5*f. What is the units digit of f?
7
What is the tens digit of 0/3 + 2 - -8?
1
Let l = 17 + 3. What is the units digit of l?
0
Let u(w) = w**3 + 3*w**2 + 2*w + 1. Let n be u(-2). Let c be 9/3 - (1 - n). Let g = c - -2. What is the units digit of g?
5
Suppose k + 3 = 3*c - 2, 5*k + 4*c - 32 = 0. Let u = k - 2. Suppose u*s = -3*s + 10. What is the units digit of s?
2
Suppose 0*f = -f. What is the units digit of f + (-1 - -1 - -5)?
5
Let r = 10 - 7. What is the units digit of r?
3
Let v be (-2)/(-5) + 304/40. Suppose 3*x - 10 = v*x. Let d(b) = 2*b**2 - b - 1. What is the units digit of d(x)?
9
Suppose 3*u - 2*f = 50, -2*f + 50 = 5*u + 3*f. Let c = -1 + 5. Suppose c + u = 3*i. What is the units digit of i?
6
Let b(l) = -2*l + 7. Let r be b(-7). Suppose 2*y - 3*f + 1 = r, 0 = -3*y - 3*f + 30. What is the units digit of y?
0
Let w be (-9)/(1/((-4)/(-6))). Let f(t) = t + 13. Let j be f(w). Suppose u - 2*u + j = 0. What is the units digit of u?
7
Suppose -15 = -5*f - 4*g, 4*g = 2*f + 4 - 10. Suppose -l - f = -2*l. What is the units digit of l?
3
Let h be 1 - (-30)/(-3 - -1). What is the tens digit of -1 + (1 - (1 + h))?
1
Suppose s - 5*v + 6 = -6, 14 = -4*s + 3*v. Let m(y) = 3*y - 1. Let q(t) = 10*t - 3. Let k(j) = s*q(j) + 7*m(j). What is the units digit of k(3)?
2
Let x = 10 - 3. Suppose -4*m = -x*m + 15. What is the units digit of 1/m + 16/20?
1
Let b be 3/(3/6 - 2). Let p be -10*(-1)/(-3 - b). What is the units digit of 5/(-2)*8/p?
2
Let f(q) = 13*q - 1. Let x be f(1). Suppose 3*t = -4*p + 19, 5*t = 5*p + 5 + 15. Let u = x - p. What is the units digit of u?
1
Let h(c) = 3*c**2 - 7*c + 19. What is the tens digit of h(6)?
8
Let r = 611 + -248. What is the tens digit of r?
6
Suppose -59 - 4 = -3*m. What is the tens digit of m?
2
Suppose 6*t = 3*t + 54. Suppose -4 = -2*w + 4*w - 3*y, 2*y + 4 = 3*w. Suppose -w = 2*j - t. What is the units digit of j?
7
Suppose 97 = 5*j - 2*k - k, -2*k + 2 = 0. What is the units digit of j?
0
Let a(f) = f**2 - 6*f - 1. Let l be a(4). Let i = 3 + l. What is the units digit of ((-4)/(-3))/((-4)/i)?
2
Let t be -2*(45/(-6))/(-1). Let u be t/(-6)*(-6)/(-5). Suppose -2*w - 36 = -u*y, 0 = 3*y - 5*w - 45 + 9. What is the tens digit of y?
1
Let g(y) = -2*y - 1 + 4*y - 4*y. Let h be g(2). Let i(a) = -a**2 - 5*a + 1. What is the units digit of i(h)?
1
Suppose -7*h + 22 + 27 = 0. What is the units digit of h?
7
Suppose 4*b - o - 21 + 4 = 0, 3*o = -3*b - 6. Suppose -b = -0*w - w. Suppose -w*m + 25 = 2*m. What is the units digit of m?
5
Let d = 0 - -2. Let p = 1 + -4. What is the units digit of 9 - (d - 3 - p)?
7
Let x = -29 + 41. What is the tens digit of x?
1
Let q(n) = 6*n - 11. What is the units digit of q(7)?
1
Let v = 9 - 15. Let o(p) = p**2 + 6*p. Let h be o(v). Suppose h*j + 30 = 5*j. What is the units digit of j?
6
Let p(d) = -3*d + 6. What is the units digit of p(-10)?
6
Suppose 0*m - 8 = 2*m, -4*w + 4 = m. What is the units digit of ((-108)/(-16))/(w/8)?
7
Let p = 35 - 24. Let n = p + -6. What is the units digit of n?
5
Let z = 4 + -4. Suppose -5*h = -z*h. Let j = h - -1. What is the units digit of j?
1
Let c(z) = -z**2 - z + 1. Let w(b) = -5*b**2 - 10*b + 1. Let d(o) = 4*c(o) - w(o). What is the units digit of d(-7)?
0
Let y be 2 + 4*3/6. Suppose y*x + 0*x = 5*m + 109, 0 = 4*m + 4. What is the tens digit of x?
2
Let d = 8 + -3. Suppose 75 = -0*b + d*b. Let q = b - -3. What is the units digit of q?
8
Suppose -5*p - 35 = -5*u, -2*p - 14 = 2*u + 3*p. Suppose -4*t + 5*t = -u*h - 7, 2*h + 6 = 0. What is the units digit of t?
2
Suppose 3*a - 1285 = -4*h, -7*h + 12*h - 1286 = -3*a. What is the units digit of a?
7
Suppose -g + 42 = f, 3*g = -f - 0*f + 38. What is the units digit of f?
4
Suppose 0 = -3*o + 3*h + 228, 2*o + 0*h + 4*h - 128 = 0. Suppose -a - o = -4*a. What is the tens digit of a?
2
Let k = 2 - -2. Suppose 0 = -k*c + 8 - 0. Suppose v = -c*v + 39. What is the units digit of v?
3
Let b(t) = t**2 + 2*t**2 - t**3 + 6*t**2 - 4 + t. What is the units digit of b(9)?
5
Let k = 88 - 39. What is the tens digit of k?
4
Let o(p) = p**3 - 4*p**2 + 4*p + 1. Let x be o(4). Let s be 6/8 - 9/12. Suppose -m + s = -x. What is the tens digit of m?
1
Suppose -5*z - m = -373 - 1102, 608 = 2*z + 4*m. What is the units digit of z?
4
Let z(t) = 3*t - t + 7*t - 5 + 2. What is the units digit of z(3)?
4
Suppose 0 = n - 3*i + 5*i - 89, -5*n - 2*i = -445. What is the tens digit of n?
8
Let i = 8 - 5. Suppose i*g - v - 4 = 5, -4*v - 6 = 3*g. Suppose g*k - 17 = -4*j + 5*k, -2*j + 5 = -5*k. What is the units digit of j?
5
Let m = 4 + 0. Suppose 2*o = -m*g - 0*g - 4, 2 = -5*g - 4*o. What is the units digit of 2/((-2)/(-6 + g))?
8
Let h be (-406)/(-21) + 3/(-9). Let w = h + 4. What is the tens digit of w?
2
Suppose r = -r. Suppose r = 2*l - 3*u - 6, -3*l + 65 = 2*l + 5*u. Suppose j - l = -2. What is the units digit of j?
7
Let l(y) = 20*y**2 - y - 3*y**2 - 9*y**2. Let q = -6 + 5. What is the units digit of l(q)?
9
Let h(s) = 2*s**2 + 3*s. Let v be h(-3). Let w = -3 + v. Suppose 2*p = 2*d - 8, -3*d + p - 12 = -w*d. What is the units digit of d?
4
Let l(d) = -d**2 + 3 + 3 - 1 - 7*d. What is the tens digit of l(-6)?
1
Let g(y) = 8*y**3 - y**2 - 3*y + 2. What is the tens digit of g(2)?
5
Let i(s) 